{"id":673,"date":"2025-08-05T09:18:33","date_gmt":"2025-08-05T07:18:33","guid":{"rendered":"https:\/\/badischer-automobilclub.de\/?page_id=673"},"modified":"2025-08-05T09:20:40","modified_gmt":"2025-08-05T07:20:40","slug":"barrierefreiheit","status":"publish","type":"page","link":"https:\/\/badischer-automobilclub.de\/?page_id=673","title":{"rendered":"Barrierefreiheit"},"content":{"rendered":"\t\t<div data-elementor-type=\"wp-page\" data-elementor-id=\"673\" class=\"elementor elementor-673\" data-elementor-post-type=\"page\">\n\t\t\t\t<div class=\"elementor-element elementor-element-668aac5 e-flex e-con-boxed e-con e-parent\" data-id=\"668aac5\" data-element_type=\"container\" data-e-type=\"container\">\n\t\t\t\t\t<div class=\"e-con-inner\">\n\t\t<div class=\"elementor-element elementor-element-debae74 e-con-full e-flex e-con e-child\" data-id=\"debae74\" data-element_type=\"container\" data-e-type=\"container\">\n\t\t\t\t<div class=\"elementor-element elementor-element-f38c489 elementor-widget elementor-widget-heading\" data-id=\"f38c489\" data-element_type=\"widget\" data-e-type=\"widget\" data-widget_type=\"heading.default\">\n\t\t\t\t<div class=\"elementor-widget-container\">\n\t\t\t\t\t<h1 class=\"elementor-heading-title elementor-size-default\">Barrierefreiheit<\/h1>\t\t\t\t<\/div>\n\t\t\t\t<\/div>\n\t\t\t\t<div class=\"elementor-element elementor-element-c6a96bd elementor-widget elementor-widget-text-editor\" data-id=\"c6a96bd\" data-element_type=\"widget\" data-e-type=\"widget\" data-widget_type=\"text-editor.default\">\n\t\t\t\t<div class=\"elementor-widget-container\">\n\t\t\t\t\t\t\t\t\t<p>Wir legen gro\u00dfen Wert darauf, dass unsere Dienstleistungen und Informationen f\u00fcr alle Menschen zug\u00e4nglich sind. Dies betrifft sowohl unsere Praxisr\u00e4ume als auch unsere digitale Pr\u00e4senz.<\/p><div class=\"elementor-element elementor-element-b43642d elementor-widget elementor-widget-text-editor\" data-id=\"b43642d\" data-element_type=\"widget\" data-widget_type=\"text-editor.default\"><div class=\"elementor-widget-container\"><div id=\"main-content\"><article id=\"post-557\" class=\"post-557 page type-page status-publish has-post-thumbnail hentry\"><div class=\"entry-content\"><div class=\"et-l et-l--post\"><div class=\"et_builder_inner_content et_pb_gutters3\"><div class=\"et_pb_section et_pb_section_1 et_section_regular\"><div class=\"et_pb_row et_pb_row_1\"><div class=\"et_pb_column et_pb_column_4_4 et_pb_column_2 et_pb_css_mix_blend_mode_passthrough et-last-child\"><div class=\"et_pb_module et_pb_text et_pb_text_1 et_pb_text_align_left et_pb_bg_layout_light\"><div class=\"et_pb_text_inner\"><p>Unsere Website wurde nach den aktuellen Standards der Barrierefreiheit gestaltet. Wir orientieren uns an den Richtlinien der Webcontent Accessibility Guidelines (WCAG) und dem Barrierefreiheitsst\u00e4rkungsgesetz (BFSG), um sicherzustellen, dass unsere Inhalte f\u00fcr alle Nutzerinnen und Nutzer zug\u00e4nglich sind.<\/p><h3>Erkl\u00e4rung zur Barrierefreiheit<\/h3><p>Diese Erkl\u00e4rung zur Barrierefreiheit gilt f\u00fcr die<\/p><\/div><\/div><\/div><\/div><\/div><\/div><\/div><\/div><\/article><\/div><\/div><\/div><div class=\"elementor-element elementor-element-19082b9 elementor-widget elementor-widget-shortcode\" data-id=\"19082b9\" data-element_type=\"widget\" data-widget_type=\"shortcode.default\"><div class=\"elementor-widget-container\"><div class=\"elementor-shortcode\"><div class=\"elementor elementor-79\" data-elementor-type=\"widget\" data-elementor-id=\"79\" data-elementor-post-type=\"elementor_library\"><div class=\"elementor-element elementor-element-10c9fb9a elementor-widget elementor-widget-text-editor\" data-id=\"10c9fb9a\" data-element_type=\"widget\" data-widget_type=\"text-editor.default\"><div class=\"elementor-widget-container\"><p>Website: www.badischer-automobilclub.de<\/p><\/div><\/div><\/div><\/div><\/div><\/div><div class=\"elementor-element elementor-element-19db858 elementor-widget elementor-widget-text-editor\" data-id=\"19db858\" data-element_type=\"widget\" data-widget_type=\"text-editor.default\"><div class=\"elementor-widget-container\"><div id=\"main-content\"><article id=\"post-557\" class=\"post-557 page type-page status-publish has-post-thumbnail hentry\"><div class=\"entry-content\"><div class=\"et-l et-l--post\"><div class=\"et_builder_inner_content et_pb_gutters3\"><div class=\"et_pb_section et_pb_section_1 et_section_regular\"><div class=\"et_pb_row et_pb_row_1\"><div class=\"et_pb_column et_pb_column_4_4 et_pb_column_2 et_pb_css_mix_blend_mode_passthrough et-last-child\"><div class=\"et_pb_module et_pb_text et_pb_text_1 et_pb_text_align_left et_pb_bg_layout_light\"><div class=\"et_pb_text_inner\"><h3>Stand der Vereinbarkeit mit den Anforderungen<\/h3><p>Die Anforderungen des Barrierefreiheitsst\u00e4rkungsgesetz (BFSG) und der BITV 2.0 sind noch nicht vollst\u00e4ndig erf\u00fcllt. Einige Inhalte sind noch nicht vollst\u00e4ndig barrierefrei.<\/p><p>Zum Beispiel: Downloads, die vor 2025 eingestellt wurden. Sp\u00e4ter eingestellte PDF-Dateien werden vermehrt in barrierefreier Version erstellt bzw. schnellstm\u00f6glich durch eine solche ersetzt.<\/p><h3>Kontinuierliche Verbesserung<\/h3><p>Wir arbeiten kontinuierlich daran, die Barrierefreiheit unserer Website zu verbessern. Sollten Sie auf Barrieren sto\u00dfen oder Verbesserungsvorschl\u00e4ge haben, freuen wir uns \u00fcber Ihre R\u00fcckmeldung.<\/p><h3>Barrieren melden<\/h3><p>Wenn Sie Barrieren auf unserer Website feststellen oder Anmerkungen zur Barrierefreiheit haben, kontaktieren Sie uns bitte:<\/p><p><strong>Badischer Automobilclub im AvD e.V.<\/strong><br \/>Theodor-Heuss-Stra\u00dfe 13<br \/>76275 Ettlingen<\/p><p><strong>Tel:<\/strong>\u00a0+49 (0) 7243 318 07<br \/><strong>E-Mail:<\/strong>\u00a0gs(at)badischer-automobilclub.de<\/p><\/div><\/div><\/div><\/div><\/div><\/div><\/div><\/div><\/article><\/div><\/div><\/div><div class=\"elementor-element elementor-element-058023b elementor-widget elementor-widget-text-editor\" data-id=\"058023b\" data-element_type=\"widget\" data-widget_type=\"text-editor.default\"><div class=\"elementor-widget-container\"><div id=\"main-content\"><article id=\"post-557\" class=\"post-557 page type-page status-publish has-post-thumbnail hentry\"><div class=\"entry-content\"><div class=\"et-l et-l--post\"><div class=\"et_builder_inner_content et_pb_gutters3\"><div class=\"et_pb_section et_pb_section_1 et_section_regular\"><div class=\"et_pb_row et_pb_row_1\"><div class=\"et_pb_column et_pb_column_4_4 et_pb_column_2 et_pb_css_mix_blend_mode_passthrough et-last-child\"><div class=\"et_pb_module et_pb_text et_pb_text_1 et_pb_text_align_left et_pb_bg_layout_light\"><div class=\"et_pb_text_inner\"><div class=\"elementor-text-editor elementor-clearfix\"><h3>Durchsetzungsverfahren<\/h3><\/div><p>Sollte innerhalb von sechs Wochen keine zufriedenstellende Antwort auf Ihre Hinweise oder Anfragen zur Barrierefreiheit erfolgen, k\u00f6nnen Sie sich an die Schlichtungsstelle nach \u00a7 16 BGG wenden:<\/p><p>Schlichtungsstelle BGG<br \/>Mauerstra\u00dfe 53<br \/>10117 Berlin<br \/>Telefon: 030 18 527 2805<br \/>E-Mail:\u00a0<a href=\"mailto:@schlichtungsstelle-bgg.de\">info@schlichtungsstelle-bgg.de<\/a><br \/>Website:\u00a0<a href=\"https:\/\/www.schlichtungsstelle-bgg.de\/\" target=\"_blank\" rel=\"noopener\">www.schlichtungsstelle-bgg.de<\/a><\/p><h3>Erstellung dieser Erkl\u00e4rung<\/h3><p>Diese Erkl\u00e4rung wurde im Juni 2025 erstellt und zuletzt am 30. Juni 2025 \u00fcberpr\u00fcft.<\/p><\/div><\/div><\/div><\/div><\/div><\/div><\/div><\/div><\/article><\/div><\/div><\/div>\t\t\t\t\t\t\t\t<\/div>\n\t\t\t\t<\/div>\n\t\t\t\t<\/div>\n\t\t\t\t\t<\/div>\n\t\t\t\t<\/div>\n\t\t\t\t<\/div>\n\t\t","protected":false},"excerpt":{"rendered":"<p>Barrierefreiheit Wir legen gro\u00dfen Wert darauf, dass unsere Dienstleistungen und Informationen f\u00fcr alle Menschen zug\u00e4nglich sind. Dies betrifft sowohl unsere Praxisr\u00e4ume als auch unsere digitale Pr\u00e4senz. Unsere Website wurde nach den aktuellen Standards der Barrierefreiheit gestaltet. Wir orientieren uns an den Richtlinien der Webcontent Accessibility Guidelines (WCAG) und dem Barrierefreiheitsst\u00e4rkungsgesetz (BFSG), um sicherzustellen, dass unsere [&hellip;]<\/p>\n","protected":false},"author":1,"featured_media":0,"parent":0,"menu_order":0,"comment_status":"closed","ping_status":"closed","template":"","meta":{"footnotes":""},"class_list":["post-673","page","type-page","status-publish","hentry"],"yoast_head":"<!-- This site is optimized with the Yoast SEO plugin v27.3 - https:\/\/yoast.com\/product\/yoast-seo-wordpress\/ -->\n<title>Barrierefreiheit &#8211; Badischer Automobilclub im AvD e.V.<\/title>\n<meta name=\"robots\" content=\"index, follow, max-snippet:-1, max-image-preview:large, max-video-preview:-1\" \/>\n<link rel=\"canonical\" href=\"https:\/\/badischer-automobilclub.de\/?page_id=673\" \/>\n<meta property=\"og:locale\" content=\"de_DE\" \/>\n<meta property=\"og:type\" content=\"article\" \/>\n<meta property=\"og:title\" content=\"Barrierefreiheit &#8211; Badischer Automobilclub im AvD e.V.\" \/>\n<meta property=\"og:description\" content=\"Barrierefreiheit Wir legen gro\u00dfen Wert darauf, dass unsere Dienstleistungen und Informationen f\u00fcr alle Menschen zug\u00e4nglich sind. Dies betrifft sowohl unsere Praxisr\u00e4ume als auch unsere digitale Pr\u00e4senz. Unsere Website wurde nach den aktuellen Standards der Barrierefreiheit gestaltet. Wir orientieren uns an den Richtlinien der Webcontent Accessibility Guidelines (WCAG) und dem Barrierefreiheitsst\u00e4rkungsgesetz (BFSG), um sicherzustellen, dass unsere [&hellip;]\" \/>\n<meta property=\"og:url\" content=\"https:\/\/badischer-automobilclub.de\/?page_id=673\" \/>\n<meta property=\"og:site_name\" content=\"Badischer Automobilclub im AvD e.V.\" \/>\n<meta property=\"article:modified_time\" content=\"2025-08-05T07:20:40+00:00\" \/>\n<meta name=\"twitter:card\" content=\"summary_large_image\" \/>\n<meta name=\"twitter:label1\" content=\"Gesch\u00e4tzte Lesezeit\" \/>\n\t<meta name=\"twitter:data1\" content=\"3\u00a0Minuten\" \/>\n<script type=\"application\/ld+json\" class=\"yoast-schema-graph\">{\"@context\":\"https:\\\/\\\/schema.org\",\"@graph\":[{\"@type\":\"WebPage\",\"@id\":\"https:\\\/\\\/badischer-automobilclub.de\\\/?page_id=673\",\"url\":\"https:\\\/\\\/badischer-automobilclub.de\\\/?page_id=673\",\"name\":\"Barrierefreiheit &#8211; Badischer Automobilclub im AvD e.V.\",\"isPartOf\":{\"@id\":\"https:\\\/\\\/badischer-automobilclub.de\\\/#website\"},\"datePublished\":\"2025-08-05T07:18:33+00:00\",\"dateModified\":\"2025-08-05T07:20:40+00:00\",\"breadcrumb\":{\"@id\":\"https:\\\/\\\/badischer-automobilclub.de\\\/?page_id=673#breadcrumb\"},\"inLanguage\":\"de\",\"potentialAction\":[{\"@type\":\"ReadAction\",\"target\":[\"https:\\\/\\\/badischer-automobilclub.de\\\/?page_id=673\"]}]},{\"@type\":\"BreadcrumbList\",\"@id\":\"https:\\\/\\\/badischer-automobilclub.de\\\/?page_id=673#breadcrumb\",\"itemListElement\":[{\"@type\":\"ListItem\",\"position\":1,\"name\":\"Startseite\",\"item\":\"https:\\\/\\\/badischer-automobilclub.de\\\/\"},{\"@type\":\"ListItem\",\"position\":2,\"name\":\"Barrierefreiheit\"}]},{\"@type\":\"WebSite\",\"@id\":\"https:\\\/\\\/badischer-automobilclub.de\\\/#website\",\"url\":\"https:\\\/\\\/badischer-automobilclub.de\\\/\",\"name\":\"Badischer Automobilclub im AvD e.V.\",\"description\":\"in Karlsruhe und Umgebung\",\"publisher\":{\"@id\":\"https:\\\/\\\/badischer-automobilclub.de\\\/#organization\"},\"alternateName\":\"Badischer Automobilclub\",\"potentialAction\":[{\"@type\":\"SearchAction\",\"target\":{\"@type\":\"EntryPoint\",\"urlTemplate\":\"https:\\\/\\\/badischer-automobilclub.de\\\/?s={search_term_string}\"},\"query-input\":{\"@type\":\"PropertyValueSpecification\",\"valueRequired\":true,\"valueName\":\"search_term_string\"}}],\"inLanguage\":\"de\"},{\"@type\":\"Organization\",\"@id\":\"https:\\\/\\\/badischer-automobilclub.de\\\/#organization\",\"name\":\"Badischer Automobilclub im AvD e.V.\",\"alternateName\":\"Badischer Automobilclub\",\"url\":\"https:\\\/\\\/badischer-automobilclub.de\\\/\",\"logo\":{\"@type\":\"ImageObject\",\"inLanguage\":\"de\",\"@id\":\"https:\\\/\\\/badischer-automobilclub.de\\\/#\\\/schema\\\/logo\\\/image\\\/\",\"url\":\"https:\\\/\\\/badischer-automobilclub.de\\\/wp-content\\\/uploads\\\/2025\\\/03\\\/BAC-RGB.svg\",\"contentUrl\":\"https:\\\/\\\/badischer-automobilclub.de\\\/wp-content\\\/uploads\\\/2025\\\/03\\\/BAC-RGB.svg\",\"width\":264,\"height\":263,\"caption\":\"Badischer Automobilclub im AvD e.V.\"},\"image\":{\"@id\":\"https:\\\/\\\/badischer-automobilclub.de\\\/#\\\/schema\\\/logo\\\/image\\\/\"}}]}<\/script>\n<!-- \/ Yoast SEO plugin. -->","yoast_head_json":{"title":"Barrierefreiheit &#8211; Badischer Automobilclub im AvD e.V.","robots":{"index":"index","follow":"follow","max-snippet":"max-snippet:-1","max-image-preview":"max-image-preview:large","max-video-preview":"max-video-preview:-1"},"canonical":"https:\/\/badischer-automobilclub.de\/?page_id=673","og_locale":"de_DE","og_type":"article","og_title":"Barrierefreiheit &#8211; Badischer Automobilclub im AvD e.V.","og_description":"Barrierefreiheit Wir legen gro\u00dfen Wert darauf, dass unsere Dienstleistungen und Informationen f\u00fcr alle Menschen zug\u00e4nglich sind. Dies betrifft sowohl unsere Praxisr\u00e4ume als auch unsere digitale Pr\u00e4senz. Unsere Website wurde nach den aktuellen Standards der Barrierefreiheit gestaltet. Wir orientieren uns an den Richtlinien der Webcontent Accessibility Guidelines (WCAG) und dem Barrierefreiheitsst\u00e4rkungsgesetz (BFSG), um sicherzustellen, dass unsere [&hellip;]","og_url":"https:\/\/badischer-automobilclub.de\/?page_id=673","og_site_name":"Badischer Automobilclub im AvD e.V.","article_modified_time":"2025-08-05T07:20:40+00:00","twitter_card":"summary_large_image","twitter_misc":{"Gesch\u00e4tzte Lesezeit":"3\u00a0Minuten"},"schema":{"@context":"https:\/\/schema.org","@graph":[{"@type":"WebPage","@id":"https:\/\/badischer-automobilclub.de\/?page_id=673","url":"https:\/\/badischer-automobilclub.de\/?page_id=673","name":"Barrierefreiheit &#8211; Badischer Automobilclub im AvD e.V.","isPartOf":{"@id":"https:\/\/badischer-automobilclub.de\/#website"},"datePublished":"2025-08-05T07:18:33+00:00","dateModified":"2025-08-05T07:20:40+00:00","breadcrumb":{"@id":"https:\/\/badischer-automobilclub.de\/?page_id=673#breadcrumb"},"inLanguage":"de","potentialAction":[{"@type":"ReadAction","target":["https:\/\/badischer-automobilclub.de\/?page_id=673"]}]},{"@type":"BreadcrumbList","@id":"https:\/\/badischer-automobilclub.de\/?page_id=673#breadcrumb","itemListElement":[{"@type":"ListItem","position":1,"name":"Startseite","item":"https:\/\/badischer-automobilclub.de\/"},{"@type":"ListItem","position":2,"name":"Barrierefreiheit"}]},{"@type":"WebSite","@id":"https:\/\/badischer-automobilclub.de\/#website","url":"https:\/\/badischer-automobilclub.de\/","name":"Badischer Automobilclub im AvD e.V.","description":"in Karlsruhe und Umgebung","publisher":{"@id":"https:\/\/badischer-automobilclub.de\/#organization"},"alternateName":"Badischer Automobilclub","potentialAction":[{"@type":"SearchAction","target":{"@type":"EntryPoint","urlTemplate":"https:\/\/badischer-automobilclub.de\/?s={search_term_string}"},"query-input":{"@type":"PropertyValueSpecification","valueRequired":true,"valueName":"search_term_string"}}],"inLanguage":"de"},{"@type":"Organization","@id":"https:\/\/badischer-automobilclub.de\/#organization","name":"Badischer Automobilclub im AvD e.V.","alternateName":"Badischer Automobilclub","url":"https:\/\/badischer-automobilclub.de\/","logo":{"@type":"ImageObject","inLanguage":"de","@id":"https:\/\/badischer-automobilclub.de\/#\/schema\/logo\/image\/","url":"https:\/\/badischer-automobilclub.de\/wp-content\/uploads\/2025\/03\/BAC-RGB.svg","contentUrl":"https:\/\/badischer-automobilclub.de\/wp-content\/uploads\/2025\/03\/BAC-RGB.svg","width":264,"height":263,"caption":"Badischer Automobilclub im AvD e.V."},"image":{"@id":"https:\/\/badischer-automobilclub.de\/#\/schema\/logo\/image\/"}}]}},"_links":{"self":[{"href":"https:\/\/badischer-automobilclub.de\/index.php?rest_route=\/wp\/v2\/pages\/673","targetHints":{"allow":["GET"]}}],"collection":[{"href":"https:\/\/badischer-automobilclub.de\/index.php?rest_route=\/wp\/v2\/pages"}],"about":[{"href":"https:\/\/badischer-automobilclub.de\/index.php?rest_route=\/wp\/v2\/types\/page"}],"author":[{"embeddable":true,"href":"https:\/\/badischer-automobilclub.de\/index.php?rest_route=\/wp\/v2\/users\/1"}],"replies":[{"embeddable":true,"href":"https:\/\/badischer-automobilclub.de\/index.php?rest_route=%2Fwp%2Fv2%2Fcomments&post=673"}],"version-history":[{"count":7,"href":"https:\/\/badischer-automobilclub.de\/index.php?rest_route=\/wp\/v2\/pages\/673\/revisions"}],"predecessor-version":[{"id":680,"href":"https:\/\/badischer-automobilclub.de\/index.php?rest_route=\/wp\/v2\/pages\/673\/revisions\/680"}],"wp:attachment":[{"href":"https:\/\/badischer-automobilclub.de\/index.php?rest_route=%2Fwp%2Fv2%2Fmedia&parent=673"}],"curies":[{"name":"wp","href":"https:\/\/api.w.org\/{rel}","templated":true}]}}